0000 + 110101100?
100001100
In base 11, what is 2 + -16a52?
-16a50
In base 10, what is -592 + 35?
-557
In base 6, what is -2334032 - -41?
-2333551
In base 8, what is 4060351 - 3?
4060346
In base 2, what is 101001110100001000001 - -101?
101001110100001000110
In base 7, what is -13534 + 3?
-13531
In base 11, what is 105a054 - 2?
105a052
In base 9, what is 273 - 235?
37
In base 5, what is -21040 - -4?
-21031
In base 7, what is -65 + -2030?
-2125
In base 15, what is 11d - -119d?
12bb
In base 8, what is 5760 - 25?
5733
In base 12, what is -2a336 - 6?
-2a340
In base 9, what is 3612224 + 2?
3612226
In base 2, what is 10 + -1100101111100?
-1100101111010
In base 9, what is -1353 - -5?
-1347
In base 8, what is 36103 + 1?
36104
In base 11, what is a43 + 3036?
3a79
In base 7, what is -424002 + 5?
-423664
In base 6, what is 45 - 513231?
-513142
In base 10, what is -53 + -433?
-486
In base 10, what is 66 - -1687?
1753
In base 2, what is 10111000000001011100 + 100?
10111000000001100000
In base 15, what is -7 - 1c4?
-1cb
In base 2, what is 10000 + -101100101100?
-101100011100
In base 4, what is -12213333 + -20?
-12220013
In base 5, what is -2202 + -31433?
-34140
In base 3, what is -21010 + -10122121?
-10220201
In base 4, what is 1100 + -132311?
-131211
In base 9, what is -25 + 12656?
12631
In base 9, what is 2 - 20856?
-20854
In base 3, what is 12 + -111021110?
-111021021
In base 14, what is 875 + 24?
899
In base 13, what is 1 + 2928b5?
2928b6
In base 10, what is -2752 + 20?
-2732
In base 13, what is -239 + 115?
-124
In base 5, what is 23213 + 10414?
34132
In base 3, what is 22200002120 + -1?
22200002112
In base 9, what is 3 - 17587?
-17584
In base 12, what is 1a3 + -71a?
-537
In base 2, what is -101011111010111001110111 - -10?
-101011111010111001110101
In base 15, what is 3 + 951?
954
In base 5, what is 33004 + -1?
33003
In base 2, what is -10000000 - -10101?
-1101011
In base 5, what is 131 - -1224?
1410
In base 12, what is -b9647 - 2?
-b9649
In base 15, what is 1433 + -6?
142c
In base 10, what is -50770 + 11?
-50759
In base 12, what is 136 - -587?
701
In base 7, what is -3 + 10064350?
10064344
In base 12, what is -ab - -2a5b?
2970
In base 15, what is ce + -6?
c8
In base 6, what is 1503222 - 15?
1503203
In base 2, what is 101 + 101101100110100000010?
101101100110100000111
In base 5, what is -1313 - -102141?
100323
In base 2, what is -1101010001111111110 + -11?
-1101010010000000001
In base 10, what is -1912 + 33?
-1879
In base 15, what is -92b + -4?
-930
In base 6, what is 5 - 41155?
-41150
In base 7, what is 4 - -2323?
2330
In base 7, what is -1 - -11364?
11363
In base 14, what is -4 - 10c?
-112
In base 11, what is 2a992 + -12?
2a980
In base 9, what is 0 - -36607?
36607
In base 11, what is 269 - -307?
575
In base 13, what is 15364 + 24?
15388
In base 2, what is 1100110 + 11001110?
100110100
In base 13, what is 46 - 381?
-338
In base 10, what is 239033 - 3?
239030
In base 8, what is -4 + -24211?
-24215
In base 5, what is -1103334 + -11?
-1103400
In base 2, what is -100101 - -10101100001000100?
10101100000011111
In base 11, what is -100 + 3?
-a8
In base 2, what is 110010000 + 110001111?
1100011111
In base 14, what is -5 - -bbc6?
bbc1
In base 9, what is 6880 + -3?
6876
In base 12, what is 5a - a?
50
In base 8, what is 3 - -753776?
754001
In base 8, what is 62 + -16627?
-16545
In base 12, what is -b - -6a6a?
6a5b
In base 7, what is -2161463 + -6?
-2161502
In base 4, what is -1331 - 10100?
-12031
In base 12, what is -10 - -338a?
337a
In base 11, what is -2 + 60598?
60596
In base 3, what is 110001100 - -1?
110001101
In base 2, what is 1100110111 + -1001110101110?
-1000001110111
In base 3, what is 222 + -1111202?
-1110210
In base 16, what is 1018a - 0?
1018a
In base 4, what is 2002133 + -1332?
2000201
In base 4, what is -12 + 31101?
31023
In base 7, what is 2641 - -104?
3045
In base 4, what is -132213 + 10302?
-121311
In base 9, what is 21 - 175623?
-175602
In base 14, what is 4 + -80037?
-80033
In base 11, what is 282a6 - -3?
282a9
In base 5, what is -10041121 + 0?
-10041121
In base 11, what is -49 + 15265?
15217
In base 14, what is 1414 + 54?
1468
In base 15, what is 9 - 20e3?
-20d9
In base 2, what is -111101010 + 1110110?
-101110100
In base 3, what is -201 + -2022022012?
-2022022220
In base 8, what is -1 - -101153?
101152
In base 7, what is -112 + -11456?
-11601
In base 10, what is 31162 - -4?
31166
In base 13, what is -24 + 92?
6b
In base 14, what is 241d2 - 5?
241cb
In base 4, what is -1 - 1320121232?
-1320121233
In base 4, what is -1301010 - 302?
-1301312
In base 15, what is b + 8c7?
8d3
In base 9, what is 12 - 720?
-707
In base 8, what is -7361 + -34?
-7415
In base 2, what is -1 + -100100010100101111?
-100100010100110000
In base 8, what is -21 + -1632?
-1653
In base 3, what is 10210001001 - -10?
10210001011
In base 15, what is 2 + -9a53?
-9a51
In base 5, what is -20412431 + 4?
-20412422
In base 10, what is 7823899 + 4?
7823903
In base 14, what is 4250 + 5?
4255
In base 14, what is 32d - -1b?
34a
In base 3, what is 122 + 100002121?
100010020
In base 15, what is 4 - -3b70c?
3b711
In base 14, what is 2 + cdc8?
cdca
In base 2, what is -10110011000101 - -10000101?
-10110001000000
In base 7, what is -1 - 3041534?
-3041535
In base 6, what is 15 - -14403?
14422
In base 6, what is 10151 - -23?
10214
In base 4, what is -120230 - -11?
-120213
In base 5, what is -14012120 - 32?
-14012202
In base 4, what is -222002 + -10?
-222012
In base 13, what is 1 - -6168?
6169
In base 4, what is 3212102 + -2?
3212100
In base 12, what is a - 318?
-30a
In base 4, what is -200001010 + -3?
-200001013
In base 10, what is 22 - 4541?
-4519
In base 14, what is 17 + -1b1?
-198
In base 11, what is -65365 + 14?
-65351
In base 11, what is 28 - 4474?
-4447
In base 4, what is 322211210 - -1?
322211211
In base 3, what is 20122 - 11111?
2011
In base 4, what is -30200122 - -213?
-30133303
In base 12, what is 283 - 1ba0?
-1919
In base 3, what is -1102001 + -10111?
-1112112
In base 15, what is 4 + -29595?
-29591
In base 5, what is 31 - -43103?
43134
In base 16, what is -3 + d17b0?
d17ad
In base 2, what is -100000110000 - 1001?
-100000111001
In base 9, what is -18 - -371237?
371218
In base 5, what is -24024 - 10?
-24034
In base 14, what is -3 - 428?
-42b
In base 3, what is 120012110 - 2?
120012101
In base 6, what is -4004455 - 2?
-4004501
In base 5, what is 0 + 12131034?
12131034
In base 7, what is 23303263 - -5?
23303301
In base 11, what is -1708139 - -2?
-1708137
In base 13, what is 21 - -a5?
c6
In base 14, what is a - -1b1b?
1b27
In base 11, what is -244691 - -1?
-244690
In base 15, what is -b213 + 25?
-b1dd
In base 12, what is -368 - 783?
-b2b
In base 12, what is -229a - -3?
-2297
In base 15, what is 59d + e?
5ac
In base 12, what is 2b7 + 9a9?
10a4
In base 3, what is 0 + 122012121201?
122012121201
In base 11, what is -6 + -24645?
-24650
In base 7, what is -342 - 3310?
-3652
In base 9, what is 2 + -81434?
-81432
In base 11, what is -166a + -1?
-1670
In base 4, what is 120210 - -33112?
213322
In base 8, what is -3601 + 16?
-3563
In base 14, what is 8a - -7049?
70d5
In base 16, what is 93 + -2e?
65
In base 15, what is -5 - 2119?
-211e
In base 3, what is 2 + -12102022022?
-12102022020
In base 16, what is -5183f + 3?
-5183c
In base 15, what is -cd - d7?
-1b5
In base 16, what is 5 - -5cc8b?
5cc90
In base 7, what is 43 - 6053?
-6010
In base 7, what is 215231 + -4?
215224
In base 6, what is -11551130 - 0?
-11551130
In base 6, what is -4 + 451354?
451350
In base 2, what is -1001100010 - -100110?
-1000111100
In base 15, what is 2 + -887c9?
-887c7
In base 7, what is -14 + -3263?
-3310
In base 4, what is 1020021 - 3?
1020012
In base 9, what is -535 + 68?
-456
In base 7, what is 515 + -230?
255
In base 5, what is 12123134 + -1?
12123133
In base 10, what is -20636 + 41?
-20595
In base 6, what is 0 + 5520351?
5520351
In base 4, what is -1102202201 - 11?
-1102202212
In base 12, what is -5 - 7211?
-7216
In base 13, what is 625 - -26?
64b
In base 9, what is 4521 + -85?
4425
In base 7, what is -125223 - -24?
-125166
In base 7, what is 1610 + 151?
2061
In base 2, what is -10011000 + -11100100?
-101111100
In base 8, what is 5 + -233163?
-233156
In base 5, what is -3 - -3010311?
3010303
In base 12, what is -21 + 51